vided by 12?
10
What is the remainder when 1409 is divided by 91?
44
Calculate the remainder when 10100 is divided by 166.
140
Calculate the remainder when 148170 is divided by 49390.
0
What is the remainder when 9229 is divided by 52?
25
What is the remainder when 314725 is divided by 28?
5
Calculate the remainder when 6803 is divided by 1014.
719
What is the remainder when 1022 is divided by 53?
15
What is the remainder when 146958 is divided by 6121?
54
What is the remainder when 8429 is divided by 44?
25
Calculate the remainder when 3764 is divided by 1276.
1212
Calculate the remainder when 1261573 is divided by 175.
173
Calculate the remainder when 10661 is divided by 162.
131
What is the remainder when 839 is divided by 53?
44
What is the remainder when 79111 is divided by 62?
61
What is the remainder when 747052 is divided by 33?
31
What is the remainder when 818 is divided by 62?
12
Calculate the remainder when 13552 is divided by 91.
84
What is the remainder when 1660 is divided by 175?
85
What is the remainder when 6283870 is divided by 84?
82
What is the remainder when 131942 is divided by 26388?
2
Calculate the remainder when 904 is divided by 780.
124
What is the remainder when 789 is divided by 137?
104
Calculate the remainder when 137 is divided by 53.
31
What is the remainder when 87012 is divided by 45?
27
Calculate the remainder when 74833 is divided by 6802.
11
What is the remainder when 6953 is divided by 252?
149
Calculate the remainder when 38841 is divided by 36.
33
What is the remainder when 12785 is divided by 73?
10
What is the remainder when 25990 is divided by 46?
0
Calculate the remainder when 16763 is divided by 5583.
14
Calculate the remainder when 773380 is divided by 533.
530
What is the remainder when 858008 is divided by 77?
74
Calculate the remainder when 1180001 is divided by 28.
25
What is the remainder when 9353 is divided by 78?
71
What is the remainder when 12637 is divided by 4196?
49
Calculate the remainder when 3347 is divided by 1126.
1095
What is the remainder when 34686 is divided by 8?
6
What is the remainder when 3929046 is divided by 10?
6
Calculate the remainder when 1082 is divided by 211.
27
Calculate the remainder when 8858 is divided by 2165.
198
Calculate the remainder when 170450 is divided by 136.
42
What is the remainder when 11603 is divided by 47?
41
Calculate the remainder when 158003 is divided by 19.
18
What is the remainder when 1592 is divided by 227?
3
Calculate the remainder when 14803 is divided by 7390.
23
What is the remainder when 1129 is divided by 71?
64
What is the remainder when 2798 is divided by 544?
78
Calculate the remainder when 6734 is divided by 441.
119
What is the remainder when 111211 is divided by 27794?
35
What is the remainder when 3992 is divided by 125?
117
Calculate the remainder when 214964 is divided by 156.
152
What is the remainder when 7604 is divided by 1355?
829
Calculate the remainder when 40282 is divided by 894.
52
Calculate the remainder when 186771 is divided by 69.
57
Calculate the remainder when 23904 is divided by 58.
8
What is the remainder when 52395 is divided by 52390?
5
What is the remainder when 32493 is divided by 23?
17
What is the remainder when 2047 is divided by 645?
112
What is the remainder when 47022 is divided by 15659?
45
What is the remainder when 620149 is divided by 10?
9
What is the remainder when 1286 is divided by 400?
86
Calculate the remainder when 12749 is divided by 40.
29
Calculate the remainder when 39801 is divided by 107.
104
Calculate the remainder when 735165 is divided by 373.
355
Calculate the remainder when 3684 is divided by 1808.
68
What is the remainder when 33249 is divided by 2554?
47
What is the remainder when 14457 is divided by 4?
1
Calculate the remainder when 35314 is divided by 821.
11
What is the remainder when 12598 is divided by 15?
13
Calculate the remainder when 43160 is divided by 21571.
18
Calculate the remainder when 999 is divided by 12.
3
What is the remainder when 588197 is divided by 680?
677
Calculate the remainder when 140877 is divided by 111.
18
What is the remainder when 1391539 is divided by 463842?
13
Calculate the remainder when 12611 is divided by 630.
11
Calculate the remainder when 17485 is divided by 95.
5
Calculate the remainder when 84369 is divided by 110.
109
Calculate the remainder when 33509 is divided by 133.
126
Calculate the remainder when 1688 is divided by 732.
224
Calculate the remainder when 29412 is divided by 29.
6
Calculate the remainder when 19820 is divided by 4919.
144
What is the remainder when 5492 is divided by 5323?
169
What is the remainder when 92850 is divided by 181?
178
What is the remainder when 5983 is divided by 173?
101
What is the remainder when 2953512 is divided by 958?
956
What is the remainder when 54694 is divided by 18?
10
What is the remainder when 571 is divided by 103?
56
What is the remainder when 376413 is divided by 2708?
1
Calculate the remainder when 25148 is divided by 868.
844
Calculate the remainder when 296506 is divided by 98817.
55
Calculate the remainder when 4864 is divided by 122.
106
What is the remainder when 110657 is divided by 30?
17
What is the remainder when 7893 is divided by 3872?
149
Calculate the remainder when 4755 is divided by 2376.
3
What is the remainder when 278798 is divided by 49?
37
What is the remainder when 8504 is divided by 8062?
442
Calculate the remainder when 11973694 is divided by 224.
222
Calculate the remainder when 4618 is divided by 570.
58
Calculate the remainder when 91068 is divided by 805.
103
What is the remainder when 92415 is divided by 1851?
1716
What is the remainder when 2145 is divided by 13?
0
Calculate the remainder when 1682 is divided by 6.
2
Calculate the remainder when 1134096 is divided by 20.
16
Calculate the remainder when 4331 is divided by 120.
11
What is the remainder when 19572 is divided by 905?
567
Calculate the remainder when 52199 is divided by 1341.
1241
Calculate the remainder when 4855 is divided by 157.
145
Calculate the remainder when 27809 is divided by 246.
11
What is the remainder when 3892 is divided by 28?
0
Calculate the remainder when 52883 is divided by 31.
28
What is the remainder when 3426 is divided by 810?
186
Calculate the remainder when 811905 is divided by 34.
19
Calculate the remainder when 28667 is divided by 61.
58
What is the remainder when 28016 is divided by 59?
50
What is the remainder when 5823 is divided by 638?
81
What is the remainder when 883 is divided by 872?
11
Calculate the remainder when 56996 is divided by 891.
863
What is the remainder when 92819 is divided by 34?
33
Calculate the remainder when 60904 is divided by 65.
64
Calculate the remainder when 805762 is divided by 26.
22
Calculate the remainder when 17359 is divided by 193.
182
Calculate the remainder when 2781 is divided by 694.
5
What is the remainder when 2818 is divided by 2809?
9
Calculate the remainder when 269873 is divided by 58.
57
Calculate the remainder when 22438 is divided by 97.
31
Calculate the remainder when 91777 is divided by 50.
27
What is the remainder when 635371 is divided by 21179?
1
What is the remainder when 8916 is divided by 948?
384
Calculate the remainder when 148824 is divided by 82.
76
What is the remainder when 18735 is divided by 122?
69
Calculate the remainder when 3259 is divided by 114.
67
What is the remainder when 5463 is divided by 156?
3
Calculate the remainder when 4884 is divided by 1199.
88
Calculate the remainder when 31757 is divided by 225.
32
What is the remainder when 281530 is divided by 1087?
1084
What is the remainder when 972587 is divided by 12?
11
Calculate the remainder when 28886 is divided by 14.
4
What is the remainder when 29486 is divided by 331?
27
What is the remainder when 188256 is divided by 18?
12
What is the remainder when 194209 is divided by 1033?
5
Calculate the remainder when 26136 is divided by 297.
0
Calculate the remainder when 1115 is divided by 19.
13
Calculate the remainder when 1248817 is divided by 18.
13
What is the remainder when 114107 is divided by 222?
221
What is the remainder when 1164279 is divided by 114?
111
Calculate the remainder when 64987 is divided by 518.
237
Wha